are the prime factors of 393067304?
2, 7, 191, 36749
List the prime factors of 2621948383.
173, 15155771
What are the prime factors of 42943480?
2, 5, 1073587
List the prime factors of 127318049.
17, 599, 12503
List the prime factors of 2322627175.
5, 11, 8445917
What are the prime factors of 1683675647?
23, 2069, 35381
List the prime factors of 4990077629.
4990077629
What are the prime factors of 8476457280?
2, 3, 5, 37, 238639
What are the prime factors of 340361351?
11, 30941941
List the prime factors of 1956735732.
2, 3, 7, 23294473
What are the prime factors of 250351760?
2, 5, 173, 18089
List the prime factors of 122343569.
1879, 65111
What are the prime factors of 8516800211?
349, 24403439
What are the prime factors of 3958166725?
5, 827, 191447
List the prime factors of 22643832.
2, 3, 347, 2719
What are the prime factors of 2083525490?
2, 5, 208352549
What are the prime factors of 3934841494?
2, 1967420747
What are the prime factors of 361329385?
5, 3407, 21211
What are the prime factors of 38820301?
13, 2986177
List the prime factors of 48476601.
3, 179, 30091
List the prime factors of 5042647590.
2, 3, 5, 168088253
What are the prime factors of 32795570?
2, 5, 1193, 2749
What are the prime factors of 201181284?
2, 3, 37, 73, 2069
What are the prime factors of 781438626?
2, 3, 17, 163, 15667
List the prime factors of 9691759.
7, 11, 17981
What are the prime factors of 1212774636?
2, 3, 19, 23, 231269
List the prime factors of 5229442068.
2, 3, 435786839
List the prime factors of 44537686.
2, 61, 365063
List the prime factors of 740863162.
2, 13, 17, 19, 47, 1877
List the prime factors of 1249868461.
23, 54342107
List the prime factors of 21519416.
2, 17, 158231
List the prime factors of 5049808076.
2, 107, 2687, 4391
List the prime factors of 55509004.
2, 13877251
What are the prime factors of 332806863?
3, 4523, 24527
List the prime factors of 6588365.
5, 7, 29, 6491
List the prime factors of 135484945.
5, 59, 459271
List the prime factors of 3102514022.
2, 23, 67445957
What are the prime factors of 44761867?
17, 1063, 2477
What are the prime factors of 30409750?
2, 5, 7, 17377
List the prime factors of 211899706.
2, 109, 972017
What are the prime factors of 255306955?
5, 51061391
List the prime factors of 717494095.
5, 17, 8441107
List the prime factors of 140048781.
3, 503, 92809
What are the prime factors of 84676196?
2, 11, 1924459
List the prime factors of 814280435.
5, 19, 461, 18593
What are the prime factors of 660684060?
2, 3, 5, 1223489
What are the prime factors of 3232466872?
2, 83, 4868173
List the prime factors of 330673132.
2, 82668283
What are the prime factors of 352776814?
2, 13, 13568339
List the prime factors of 48055417.
48055417
What are the prime factors of 110680739?
13, 1483, 5741
List the prime factors of 783410130.
2, 3, 5, 23, 107, 131
List the prime factors of 477502501.
7, 37, 67, 3931
What are the prime factors of 24546097?
24546097
List the prime factors of 348678377.
59, 131, 197, 229
What are the prime factors of 611000765?
5, 19, 83, 77489
What are the prime factors of 572534537?
41, 13964257
List the prime factors of 133350433.
133350433
List the prime factors of 4992555578.
2, 9883, 252583
What are the prime factors of 85472801?
85472801
List the prime factors of 1704618642.
2, 3, 23, 43, 83, 3461
List the prime factors of 189488266.
2, 11, 1583, 5441
What are the prime factors of 5262617790?
2, 3, 5, 6497059
What are the prime factors of 801087553?
7, 114441079
List the prime factors of 1843793564.
2, 61, 7556531
List the prime factors of 410951822.
2, 37, 281, 19763
What are the prime factors of 127942226?
2, 37, 1728949
What are the prime factors of 3896287602?
2, 3, 649381267
List the prime factors of 3947599917.
3, 23, 109, 174959
List the prime factors of 281137940.
2, 5, 3137, 4481
What are the prime factors of 43679629?
7, 891421
List the prime factors of 120099636.
2, 3, 3336101
What are the prime factors of 81633315?
3, 5, 71, 76651
What are the prime factors of 94762073?
7, 1021, 13259
List the prime factors of 49239308.
2, 1297, 9491
List the prime factors of 204926687.
7, 17, 1722073
What are the prime factors of 3899640301?
3899640301
What are the prime factors of 2620262275?
5, 17, 59, 83, 1259
List the prime factors of 146319490.
2, 5, 149, 283, 347
List the prime factors of 61246299.
3, 101, 131, 1543
What are the prime factors of 497671958?
2, 7, 29, 859, 1427
What are the prime factors of 512882151?
3, 2113, 80909
List the prime factors of 131900548.
2, 13, 2536549
List the prime factors of 4997902285.
5, 999580457
List the prime factors of 7203792.
2, 3, 223, 673
List the prime factors of 477991911.
3, 19, 23, 364601
List the prime factors of 12608470.
2, 5, 7, 281, 641
List the prime factors of 38507159.
17, 41, 101, 547
What are the prime factors of 275471119?
7, 11, 1621, 2207
What are the prime factors of 459243856?
2, 28702741
List the prime factors of 19722081.
3, 1487, 4421
What are the prime factors of 135145268?
2, 33786317
List the prime factors of 38151876.
2, 3, 7, 17, 26717
List the prime factors of 2415126835.
5, 11, 503, 87299
What are the prime factors of 1477474019?
7, 30152531
List the prime factors of 531550776.
2, 3, 4153, 5333
List the prime factors of 782680814.
2, 2351, 166457
List the prime factors of 594366527.
167, 463, 7687
What are the prime factors of 1223863363?
1223863363
List the prime factors of 100828703.
163, 618581
What are the prime factors of 502044785?
5, 11, 9128087
List the prime factors of 243945079.
7, 4978471
List the prime factors of 133160277.
3, 44386759
List the prime factors of 127575997.
127575997
List the prime factors of 89404678.
2, 11, 1063, 3823
What are the prime factors of 3732543734?
2, 911, 1031, 1987
What are the prime factors of 4077084033?
3, 11, 41182667
List the prime factors of 858991838.
2, 429495919
List the prime factors of 1673185272.
2, 3, 11, 6337823
List the prime factors of 163968876.
2, 3, 17, 113, 2371
What are the prime factors of 188184739?
188184739
What are the prime factors of 217263709?
13, 2243, 7451
List the prime factors of 283451214.
2, 3, 1153, 40973
List the prime factors of 5476182629.
503, 10887043
What are the prime factors of 81111317?
7, 23, 71971
List the prime factors of 929494810.
2, 5, 92949481
What are the prime factors of 112701483?
3, 17, 19, 12923
What are the prime factors of 104211114?
2, 3, 7, 23, 233, 463
What are the prime factors of 979836235?
5, 7, 27995321
What are the prime factors of 38225112?
2, 3, 17, 19, 4931
List the prime factors of 3534959223.
3, 3499, 112253
List the prime factors of 20942820.
2, 3, 5, 38783
What are the prime factors of 1611697147?
23, 43, 1629623
What are the prime factors of 221156817?
3, 7, 1613, 6529
List the prime factors of 177741534.
2, 3, 29623589
List the prime factors of 292135085.
5, 11, 5311547
List the prime factors of 174349002.
2, 3, 167, 191, 911
What are the prime factors of 10634632?
2, 59, 22531
What are the prime factors of 1097385?
3, 5, 149, 491
List the prime factors of 549970305.
3, 5, 36664687
List the prime factors of 7782689023.
29, 6329, 42403
List the prime factors of 4787152.
2, 299197
What are the prime factors of 1645583081?
1319, 1247599
What are the prime factors of 4561005407?
7, 93081743
What are the prime factors of 91422072?
2, 3, 7, 19, 9547
List the prime factors of 255786082.
2, 23, 5560567
List the prime factors of 168366775.
5, 79, 163, 523
What are the prime factors of 1902675980?
2, 5, 1487, 63977
What are the prime factors of 30321703?
2393, 12671
List the prime factors of 284021745.
3, 5, 7, 2704969
List the prime factors of 24352343.
1483, 16421
What are the prime factors of 329746393?
1193, 276401
List the prime factors of 151943451.
3, 11, 23, 18199
List the prime factors of 814457907.
3, 41, 2207203
List the prime factors of 1032766891.
13, 31, 661, 3877
List the prime factors of 30961805.
5, 7, 53, 16691
What are the prime factors of 23007030?
2, 3, 5, 766901
What are the prime factors of 5019697560?
2, 3, 5, 23, 593, 3067
What are the prime factors of 2334414749?
4919, 474571
What are the prime factors of 179338449?
3, 1567, 38149
What are the prime factors of 987265059?
3, 11, 193, 379,